?
False
Is 17164946311 a composite number?
False
Is 14396063687 composite?
True
Is 1515770233 a prime number?
True
Is 5732071129 composite?
False
Is 6570552398 a prime number?
False
Is 1596221843 prime?
True
Is 240285983 a prime number?
False
Is 19226811011 a prime number?
False
Is 4747338647 composite?
True
Is 2524560967 composite?
True
Is 8324941847 a composite number?
False
Is 2675180923 composite?
True
Is 975086473 prime?
True
Is 577015337 a prime number?
False
Is 4031419627 prime?
False
Is 4626328319 a prime number?
False
Is 78642497 a prime number?
False
Is 2400907979 composite?
False
Is 19215467177 composite?
False
Is 14542199363 prime?
True
Is 3458531273 a prime number?
False
Is 104600681053 prime?
False
Is 1703744821 a prime number?
False
Is 8845842737 a prime number?
True
Is 3830933185 prime?
False
Is 21822565433 prime?
True
Is 1724757211 prime?
False
Is 11818362533 a composite number?
True
Is 590819786 prime?
False
Is 1429914461 prime?
False
Is 1324974149 a composite number?
False
Is 2699430131 a composite number?
True
Is 2590040903 prime?
True
Is 1883040199 composite?
True
Is 13023187706 composite?
True
Is 17498247593 a composite number?
False
Is 67844860439 a composite number?
False
Is 11491945771 prime?
False
Is 1631776459 composite?
False
Is 6274333801 composite?
False
Is 73321607 a composite number?
False
Is 2202773041 a composite number?
True
Is 29033791901 a composite number?
True
Is 976075559 composite?
False
Is 265593299 composite?
False
Is 68960351737 a prime number?
True
Is 21879971747 a composite number?
True
Is 302555399 prime?
True
Is 16229893319 composite?
True
Is 525476227 a prime number?
False
Is 6265673389 a composite number?
False
Is 2017228289 a prime number?
True
Is 1057316723 composite?
True
Is 24944599 composite?
False
Is 21599136694 a prime number?
False
Is 1057060855 a composite number?
True
Is 2887918001 a composite number?
False
Is 658741079 a composite number?
False
Is 1299231959 prime?
True
Is 399347657 composite?
True
Is 915451591 a composite number?
False
Is 12874530377 a composite number?
True
Is 941861099 a prime number?
False
Is 2537342857 a composite number?
True
Is 12846330799 composite?
False
Is 2434481551 composite?
False
Is 14229357349 a composite number?
False
Is 2260133351 a prime number?
False
Is 23275081003 composite?
False
Is 720855571 a composite number?
True
Is 622257599 prime?
False
Is 5334678103 prime?
False
Is 23860568929 a prime number?
True
Is 276510991987 prime?
False
Is 579399397 prime?
False
Is 48615478607 composite?
False
Is 11562155581 a prime number?
True
Is 1880242253 a prime number?
True
Is 3826506689 composite?
False
Is 23825777 prime?
True
Is 10804357129 prime?
True
Is 4226703259 a prime number?
False
Is 77467874749 a prime number?
True
Is 141350246 a composite number?
True
Is 18510219677 a composite number?
False
Is 2024372953 a composite number?
False
Is 580567877 a composite number?
False
Is 169760813 a composite number?
True
Is 89683964281 composite?
False
Is 126778567 composite?
True
Is 157891163837 composite?
True
Is 342227857 a prime number?
True
Is 51330212449 prime?
True
Is 7842217087 a prime number?
True
Is 1298096573 composite?
True
Is 22415111 a composite number?
True
Is 4941148427 prime?
True
Is 11807934923 a prime number?
True
Is 629675643 composite?
True
Is 273337457 prime?
True
Is 24838683031 a prime number?
False
Is 903949957 a composite number?
False
Is 44274900517 a prime number?
False
Is 5307376943 a prime number?
False
Is 2061386837 a composite number?
False
Is 17477138669 composite?
False
Is 3522720739 composite?
True
Is 12010704107 composite?
False
Is 64436667443 a prime number?
False
Is 31309970093 composite?
False
Is 17024696911 a composite number?
False
Is 2628968101 composite?
False
Is 796270445 a prime number?
False
Is 22813198019 a prime number?
True
Is 6953948129 a prime number?
False
Is 2090202239 a composite number?
True
Is 22257690449 a prime number?
True
Is 11233623081 prime?
False
Is 11021021 a prime number?
False
Is 181239677 prime?
True
Is 74538318863 prime?
True
Is 944847433 a prime number?
False
Is 231151195687 a composite number?
True
Is 177279881 prime?
False
Is 184606777679 a prime number?
True
Is 369722407 composite?
False
Is 219863612081 prime?
False
Is 11799885011 a prime number?
False
Is 104370479 a composite number?
True
Is 8668010877 prime?
False
Is 77523956033 a prime number?
True
Is 798325939 composite?
False
Is 3803936953 prime?
True
Is 142469879 prime?
False
Is 1593096499 a prime number?
False
Is 663802873 prime?
False
Is 31165973 composite?
True
Is 7530698419 a composite number?
False
Is 18989547793 a prime number?
False
Is 1555480307 a prime number?
False
Is 50785573 a prime number?
False
Is 668700377 composite?
True
Is 16538700439 composite?
False
Is 679539863 composite?
True
Is 7152049621 composite?
False
Is 809948621 a prime number?
True
Is 20295084691 composite?
True
Is 3856998806 composite?
True
Is 2079555581 a prime number?
False
Is 877079689 prime?
False
Is 9508338377 composite?
False
Is 61143917763 prime?
False
Is 9902186755 a composite number?
True
Is 71068840811 prime?
True
Is 3003357529 composite?
True
Is 3271940803 a composite number?
False
Is 1929527489 a composite number?
True
Is 23549155681 a prime number?
True
Is 68926277273 a prime number?
False
Is 1944113317 a composite number?
True
Is 54552812018 a prime number?
False
Is 349049609 composite?
False
Is 3109684969 a composite number?
True
Is 3168887821 a composite number?
True
Is 12771156919 composite?
False
Is 1616901269 a composite number?
False
Is 6269480417 a prime number?
True
Is 49949784377 composite?
True
Is 523995467 a composite number?
True
Is 1618340527 prime?
True
Is 4805632211 composite?
True
Is 1115841841 a prime number?
True
Is 7281080669 composite?
True
Is 3222337429 a prime number?
True
Is 5895685219 composite?
False
Is 16158540163 composite?
False
Is 503381845 a composite number?
True
Is 2955523433 a composite number?
False
Is 44662281667 a composite number?
False
Is 11899579283 a prime number?
True
Is 7675686761 prime?
False
Is 5643106977 composite?
True
Is 733336069 a composite number?
False
Is 20257798885 a composite number?
True
Is 627565139 prime?
True
Is 4383791719 prime?
True
Is 18525286049 a prime number?
False
Is 210400657 a prime number?
True
Is 2315072779 a composite number?
False
Is 1836330577 a composite number?
False
Is 220248487 a prime number?
True
Is 143112149 a composite number?
False
Is 2014620974 a prime number?
False
Is 7330755167 a composite number?
False
Is 6005375891 a prime number?
False
Is 3371203943 composite?
False
Is 31555381927 composite?
False
Is 838914889 a prime number?
True
Is 3814794173 composite?
False
Is 4015514357 a prime number?
True
Is 11019531787 a prime number?
False
Is 1264072757 a prime number?
False
Is 341473961 prime?
True
Is 37652183 composite?
False
Is 115428909835 prime?
False
Is 1575530095 a composite number?
True
Is 145445753261 composite?
False
Is 60800632285 a prime number?
False
Is 2754411685 prime?
False
Is 110782813 a prime number?
False
Is 2678069189 composite?
False
Is 130857799 a prime number?
True
Is 26909149591 prime?
True
Is 2106693977 a prime number?
False
Is 4657098529 a prime number?
False
Is 18244637 a composite number?
False
Is 50030899781 a composite number?
False
Is 23882889117 prime?
False
Is 2205143 a composite number?
True
Is 9194687143 prime?
True
Is 1753075673 a prime number?
False
Is 82612274083 composite?
False
Is 2822051611 prime?
True
Is 4030849181 prime?
False
Is 13470402061 composite?
False
Is 71728691 a prime number?
True
Is 2221151657 a prime number?
True
Is 2201227993 a prime number?
True
Is 139392319 composite?
True
Is 14360613401 composite?
True
Is 1741574443 a prime number?
False
Is 2222820577 composite?
False
Is 12372859 a prime number?
True
Is 9466334131 a composite number?
False
Is 2037693979 a composite number?
True
Is 7135612142 composite?
True
Is 118097549 prime?
False
Is 4438298399 a composite number?
False
Is 8328395161 a prime number?
False
Is 40800385799 composite?
True
Is 268851920299 composite?
False
Is 8092806883 a prime number?
False
Is 12700383949 a composite number?
True
Is 9009454627 a composite number?
True
Is 7112275649 composite